 the thousands digit of t?
2
Let j = 99 + -97. Let t(l) = -254*l - j*l**3 - 22*l**2 - 14 + 3*l**3 + 258*l. What is the units digit of t(22)?
4
Let q(s) = 3*s**2 - 34*s + 65. Let w be q(22). Let x = -480 + w. What is the units digit of x?
9
Suppose -4*d - 3926 = 3*b - 2*d, -5*d + 2592 = -2*b. Let w = b - -2213. What is the tens digit of w?
0
Suppose -f = 3*b + 41, 3 = 4*b - 3*b - 3*f. Let w be 294/4*b/(-18). Suppose 6*h - 17 = w. What is the tens digit of h?
1
Let w(f) = 8*f - 7. Let a be w(5). Suppose -a*p + 26*p + 735 = 0. Let h = p - 16. What is the tens digit of h?
8
Let h(z) = -67*z + 4. Let d be h(3). Suppose 0 = -3*p + 7*p + 8, 3*p = 5*a - 26. What is the units digit of d/(-2) + a + 42/(-12)?
9
Let s(n) = 10*n**2 + 7*n - 700. What is the ten thousands digit of s(52)?
2
Let m(l) be the third derivative of 57*l**4/8 + 58*l**3/3 - 129*l**2. What is the hundreds digit of m(4)?
8
Suppose 2*h = -o - 0*o + 2, -o - 3*h = -7. Let y(c) = -5*c**2 - 48*c + 9. What is the tens digit of y(o)?
7
Let q(k) = -92*k + 140. What is the hundreds digit of q(-49)?
6
Suppose 0 = 14*w + 2208 + 1208. Let l = w - -328. What is the tens digit of l?
8
Let a(u) = 1046*u**2 + 166*u + 287. What is the hundreds digit of a(-7)?
3
Suppose -4*w - w = 70. Let o = w - -13. What is the tens digit of ((-13)/(-26))/(o/(-216))?
0
Let g = -20 + 22. Let q be ((-4 - (-6 - -4)) + 60)/g. Suppose -24*k - 915 = -q*k. What is the hundreds digit of k?
1
Let a = 8250 + -3188. What is the thousands digit of a?
5
Suppose -21996*w - 142194 = -22009*w. What is the hundreds digit of w?
9
Let b be (3 + 309/(-6))/(1/(-2)). Suppose 0 = 5*g - b - 68. Suppose 3*k - g = 60. What is the units digit of k?
1
Let t(l) = 34*l**2 - 178*l + 2774. What is the hundreds digit of t(15)?
7
Let l = 255 + -251. Suppose 0 = -2*w + w + 3*x + 466, 3*w - l*x = 1378. What is the units digit of w?
4
Let v = 1770 - 443. What is the tens digit of v?
2
Let s = -98 - -100. Suppose -4*c = 3*q - 335, s*c - 3 = -11. Suppose -i + 64 = -q. What is the units digit of i?
1
Suppose 2*i = 6, 5*i = -0*z - 3*z + 7383. What is the units digit of z?
6
Let i(z) = -6*z + 3. Let g be i(1). Let f be (2 + 83/g - -2)*6. Let r = f + 245. What is the hundreds digit of r?
1
Let u be ((70/(-15))/(-7))/((-2)/3). What is the tens digit of 82 + (3 - 2 - (u + 4))?
8
Let f = 593 - 258. Suppose -1 - f = -2*a + 4*z, 4*a - 685 = -5*z. What is the tens digit of a?
7
Let s(j) = j + 26. Let r be s(-24). Suppose 0 = 3*h + r*a - 1742, 4*h = -4*a + a + 2323. What is the units digit of h?
0
Suppose -2*i = 0, 2*i - 1218 - 735 = -3*p. Let z = p - 310. What is the hundreds digit of z?
3
Let d(z) = 1046*z + 3563. What is the units digit of d(27)?
5
Suppose 2*s - 4 = 0, q + 3*s + 947 - 3345 = 0. What is the thousands digit of q?
2
Let a(w) = 64*w**2 - 14*w + 378. What is the hundreds digit of a(-11)?
2
Suppose -20 - 34 = -6*a. Suppose -5*x + a*x = 0. Suppose 3*n = -x*i + i - 61, 5*i + 3*n - 377 = 0. What is the tens digit of i?
7
Suppose -3*x - 924 = -3*o, -4*x + x + 1532 = 5*o. Let w = o + -227. What is the tens digit of w?
8
Suppose -2*n + 106 = 4*m, -5*m + 62 = -5*n - 33. Let l(g) = 25*g**2 - 2*g - g**3 + 8 - 14*g + 6. What is the units digit of l(m)?
6
Let o be 89*1/1*-1. Let y = o + 97. Suppose y*r = 13*r - 1345. What is the hundreds digit of r?
2
Let a = -111 - -123. What is the tens digit of (-4)/a*(-10 + -2351)?
8
Let j be (-104)/10 - 18/(-45). Let d be 154/j + 2 + (-50)/(-125). Let h = d + 16. What is the units digit of h?
3
Let t(z) = 6*z**2 + 186*z + 92. What is the ten thousands digit of t(43)?
1
Let y be (-4 - -5)/1*3. Suppose 3*c + y = -h, 2 = -h - 2*c - 1. Let q = h + 15. What is the tens digit of q?
1
Let d be 2/(4/1450)*8/20. Let t = d + -231. What is the units digit of t?
9
Let i(y) be the third derivative of -y**6/120 + 2*y**5/15 + y**4/24 - y**3/3 - 38*y**2. Let v be i(8). What is the units digit of 6*111/4 - (-3)/v?
7
Let z = 131 - 121. Suppose z*m = 4*m + 1368. What is the hundreds digit of m?
2
Let p(c) = -2*c**3 - 18*c**2 - 21*c - 23. Let o be p(-16). Suppose -355 + o = 14*s. What is the units digit of s?
3
Let k = 33 + -26. Let v = k + -10. What is the tens digit of (1*12/8)/(v/(-38))?
1
Let r(c) = c**3 - 4*c**2 + 4*c + 3. Let a be r(2). Suppose 3*j - 2573 - 479 = 5*k, -5*j + 5108 = -a*k. What is the units digit of j?
4
Let a be 12/5*(-80)/(-48). Suppose 0 = s - 15 - 21. Suppose -a*q = -8 - s. What is the units digit of q?
1
Let f(r) = -r**3 + 14*r**2 - 23*r + 4. Let w be f(12). Suppose 10*q - 6*q = w. Suppose 2*b - 264 = -k, -b - q*k = -60 - 79. What is the tens digit of b?
3
Let g(x) = 313*x**2 + x. Suppose -4*w + 6 = 2*w. Let j be g(w). Suppose 5*p - 81 - j = 0. What is the tens digit of p?
7
Suppose -3*z + 9645 = -8*i + 5*i, z - 3215 = 2*i. What is the units digit of z?
5
Let y be (-1)/2*(-7672)/(-8 - -12). Let z = 1614 - y. What is the tens digit of z?
5
What is the units digit of 6/(-39) + 18488805/741?
1
Suppose -35*z - 56784 + 136161 = -80048. What is the tens digit of z?
5
Suppose 0 = 273*u - 199*u - 49580. What is the hundreds digit of u?
6
Let u(t) = -19*t + 807. What is the tens digit of u(28)?
7
Let n = -543 + 543. Suppose -14*v + 1782 + 4014 = n. What is the hundreds digit of v?
4
Let f be (-221)/(-17)*79*1. Suppose -4*j + 824 = 3*z, -26 - f = -5*j + 2*z. What is the hundreds digit of j?
2
Suppose a - 5*t = 99, a - 69 = -26*t + 25*t. What is the hundreds digit of (-2 + a/7)*56?
4
Suppose 5*o - 11*y + 13*y = 1592, -12 = -2*y. What is the tens digit of o?
1
Let t(s) = 5*s**2 - 3*s - 12. Let j be t(2). Let a be 9/(-12)*1*-4. Suppose -a*m - g = -104 - 284, 0 = j*m + 5*g - 263. What is the hundreds digit of m?
1
Let b(l) = -9*l + 5*l**2 - 19 - 9*l**2 + 3*l**3 - 4*l**3 + 16*l**2. Let u be b(11). Let v(y) = 3*y**3 + 4*y**2 - 6*y + 6. What is the units digit of v(u)?
5
Suppose 81 - 417 = -24*z. Suppose z*m - 764 = 3534. What is the units digit of m?
7
Let l(b) = b**3 - 8*b**2 + 4*b - 28. Let x be l(8). What is the tens digit of 122 - (5 + (-1 - x))?
2
Let t be 18/81 - (88/(-9) + 0). Suppose t = 6*u - 20. Suppose 0*p = -u*p + 450. What is the units digit of p?
0
Let b = 108 - 172. Let l = b - -169. Suppose -y + l = -d, 4*y = 2*y - 5*d + 238. What is the units digit of y?
9
Suppose -9*u = 642 - 8256. Let d = u + -500. What is the hundreds digit of d?
3
Let v(w) = w**3 + 7*w**2 - w - 3. Let z be v(-7). Suppose -t + 5*c = 10*c - 628, -626 = -t - z*c. What is the units digit of t?
8
Let r = 298 + -293. Suppose r*w = -4*x + 2356, -2*w + 4*x + 168 = -752. What is the tens digit of w?
6
What is the thousands digit of -122905*4/(-10) + 7?
9
Suppose 31*d + 6176 - 9989 = 0. Let p(r) = -78*r. Let b be p(1). Let a = b + d. What is the units digit of a?
5
Let q(t) = -t**2 + 11*t + 1163 + 2*t - 1178. Let a be q(11). What is the tens digit of 2412/84 - (-2)/a - -3?
3
What is the tens digit of (-2605)/((18/45)/(16/(-100)))?
4
Let g = 34 - 32. Suppose -g*i = -8 - 0. Suppose -z + 1 = 0, -i*z + 324 = -0*b + 5*b. What is the units digit of b?
4
Let y be -1*2 - (5 - 462). Let j = y + -293. What is the hundreds digit of j?
1
Suppose -182*f = -179*f + 6. What is the units digit of 22/44 + (-2515)/f?
8
Suppose -53816 = -73*l + 11*l. What is the hundreds digit of l?
8
Let l = -458 + 469. Let z be (3 - 3) + 1 + 7. Suppose -z*i = -l*i + 648. What is the hundreds digit of i?
2
Let a be 9*2/18 + 32. What is the tens digit of ((-5)/10)/((a/(-5358))/11)?
9
Suppose -139*b + 280 = -129*b. What is the hundreds digit of ((-10692)/(-462))/(1/b)?
6
Let t be 8/(-52) + 640/104. Suppose -t*s + 3*s + 1032 = 0. What is the hundreds digit of s?
3
Suppose 0 = f - 4*f + 162. Suppose p - 9*c + 11*c = -21, 0 = 4*p + 2*c + f. Let n = p + 126. What is the hundreds digit of n?
1
Suppose 317 + 283 = -6*r. What is the tens digit of r/16*(-76 + -4)?
0
Let o be 4/38 + (-153)/(-171). What is the units digit of (((-350)/(-10))/o)/((-1)/(-24))?
0
Let n be (-19)/76*(-20 - 0). Suppose -c + 1656 = 2*c - 2*v, 3*c - 1656 = n*v. Suppose -13*x + c = -7*x. What is the tens digit of x?
9
Let l = -1114 + 1333. What is the hundreds digit of l?
2
Suppose 0 = 2*w - 6*w - 2*u, 0 = -3*w + 5*u. Let v(t) be the third derivative of t**5/60 + t**4/12 + 29*t**3/6 - 4*t**2 - 5. What is the units digit of v(